r when i(f) is divided by 4?
1
Let t = 541 + -343. What is the remainder when t is divided by 20?
18
Let z = -903 + 1283. Calculate the remainder when z is divided by 177.
26
Let i = 12 + -32. Let a = 26 + -24. Calculate the remainder when a is divided by 2/3 + i/(-60).
0
Let w(g) = g**2 + 27*g + 62. Let y be w(-27). Let h = 93 - y. What is the remainder when h is divided by 16?
15
Let p be -7 - -11 - 4/2. Suppose p*s + s - 36 = 0. Calculate the remainder when s is divided by 5.
2
Let v = -148 + 194. Calculate the remainder when 173 is divided by v.
35
Suppose -4*o - 3*h - 15 = 70, -3*h + 3 = 0. Let d = 20 + o. What is the remainder when -3*d/((-18)/(-33)) is divided by 7?
4
Suppose -7*s = -16 + 2. Suppose 27 + 117 = s*t. What is the remainder when t is divided by 25?
22
Let y = -9 + 70. Suppose -3*u = 2*u - 8*u. Suppose -4*p + y = -u*p - m, 0 = p - 3*m - 29. Calculate the remainder when p is divided by 4.
2
Suppose 2*i = 7 - 3. Let j = 111 - -12. Suppose 0 = -5*p + i + j. Calculate the remainder when p is divided by 7.
4
Let m(z) = -z**3 - 9*z**2 - z - 5. Let j be m(-9). Suppose -280 + 442 = 18*v. What is the remainder when v is divided by j/(-18) - (-261)/81?
0
Let z(d) be the first derivative of 23*d**4/4 + d**3/3 - d**2 + d - 88. Let r be (2/(-3))/(4/(-6)). Calculate the remainder when z(r) is divided by 6.
5
Suppose -48 = -3*g + 2*s, -18*s + 22*s - 44 = -4*g. Calculate the remainder when 1399 is divided by g.
13
Let h(z) = z**3 - 114*z**2 + 15*z - 1652. Suppose -2*o + 5*o = n + 72, o - 8 = -5*n. What is the remainder when h(114) is divided by o?
12
Suppose 17*d = -4*d + 1092. What is the remainder when 206 is divided by d?
50
Suppose d + 0*d - 114 = 0. Suppose k + 2*k = d. Calculate the remainder when k is divided by -3*(0 - 20/6).
8
Suppose 0 = -d + 4 + 307. Calculate the remainder when d is divided by 78.
77
Let h be 135 + (-2)/(-1) + (6 - 5). What is the remainder when 136 is divided by h/7 + 10/35?
16
Let r(t) be the second derivative of -t**5/20 + t**4/3 + 8*t**3/3 + 4*t**2 - 12*t. What is the remainder when 158 is divided by r(6)?
30
Let n be 7/(21/4044) + 2. Suppose 2*a = -5*z + n, 3*z - 2*z - a = 263. Suppose -z = -f - 3*f. What is the remainder when f is divided by 23?
21
Let w(f) = 3*f - 12. Let h = -21 - -26. What is the remainder when w(7) is divided by h?
4
Let s be 28/21 - (2 - 16/6). What is the remainder when 12 is divided by 6/(-4)*(-6 + 5)*s?
0
Let k(c) = -c**2 + 16*c - 1. Let a = -21 + 5. Let x = a - -32. Calculate the remainder when k(7) is divided by x.
14
Let g(p) = p. Suppose 2*u = 4*u - 2. Let d(j) = -2*j + 9. Let f(y) = u*d(y) + 3*g(y). What is the remainder when 26 is divided by f(5)?
12
Suppose -6*j + 52 = -2*j. Suppose 0*v - 4*w = 3*v - 7, 4*w - 16 = 0. Calculate the remainder when (-88)/(-4) + 4 + v is divided by j.
10
Suppose -4*d = 4*i - 36, -2*d + 2*i + 28 = -6. Calculate the remainder when 34 is divided by (d/((-390)/(-108)))/(3/10).
10
Suppose -252 = -3*d - 4*f - 68, -5*d + 5*f + 365 = 0. Calculate the remainder when d is divided by 41.
27
Let m = 60 + -45. Suppose -5*v + 0*v + m = 0, -21 = -3*g + 4*v. Calculate the remainder when 20 is divided by g.
9
Suppose -4*s + 333 = -167. What is the remainder when s is divided by 14?
13
Suppose 0*j + 2*r - 362 = -2*j, -5*r + 537 = 3*j. What is the remainder when j is divided by 38?
32
Let t = 293 - 197. Let c = 21 - 7. Calculate the remainder when t is divided by c.
12
Let s(y) = -652*y + 22. What is the remainder when s(-1) is divided by 9?
8
Let v = -58 - -35. Let r = v - -52. Calculate the remainder when r is divided by 8.
5
Suppose n - 46 = 4*l, -4*n - 5*l = -3*n - 73. Suppose -2*j + 3 = 5, 2*j = -3*q + n. What is the remainder when q is divided by 6?
2
Suppose 10 = -9*c + 4*c, 231 = y + c. Calculate the remainder when y is divided by 82.
69
Suppose -174*f + 193*f - 1102 = 0. Let b = 15 - -6. What is the remainder when f is divided by b?
16
Let b(x) = 10*x**2 - x. Calculate the remainder when (-65)/15 + 4 - (-674)/6 is divided by b(2).
36
What is the remainder when 3 + 85 - (0 - -1) is divided by (-889)/(-49) - 1/7?
15
Let a(i) = -i**3 + 24*i**2 + 26*i - 19. Let s be a(25). Suppose -s*r - 22 = -8*r. What is the remainder when 32 is divided by r?
10
Let l be (-1)/(-4) + 110/40. Suppose p - l = -1. Suppose -47 = -3*i - p*o + 3*o, -3*i + 2*o = -52. What is the remainder when 81 is divided by i?
11
Let m be (6/4)/(48/32). Let p(i) = 4*i + 1. Suppose 0 = -d + 19. What is the remainder when d is divided by p(m)?
4
Suppose 296 = 4*w - 2*s, -292 = -2*w - 2*w + 3*s. Let n(k) = 4*k - 12. Let d be (2 - 5) + (-33)/(-3). Calculate the remainder when w is divided by n(d).
16
Let q(s) = 2*s**2 - 4*s + 3. Suppose 1756*g = 1750*g + 150. Calculate the remainder when q(-6) is divided by g.
24
Suppose -276 = -7*t + 3*t + 4*g, 0 = -t + 2*g + 74. Let p = 136 - t. What is the remainder when p is divided by 25?
22
Suppose 2*f - k + 2*k + 111 = 0, -3*k + 107 = -2*f. What is the remainder when 6/((-2)/(-1)) + 19 is divided by -2*(f/10 + 3)?
2
Suppose -24*v = -159 - 417. Calculate the remainder when 1607 is divided by v.
23
Suppose 0 = 124*d - 131*d + 1162. Calculate the remainder when d is divided by 37.
18
What is the remainder when -2*2439/(-18)*2 is divided by 42?
38
Let c be -1 + -1 - (-7 - 0). Suppose -8*k = -c*k. Suppose 5*s - 8*s + 18 = k. What is the remainder when s is divided by 2?
0
Suppose 5*i - 126 = 24. Suppose -q + 19 = 4*v, 2*v - 29 = -5*q - 6. Calculate the remainder when q/2*(1760/24 - -6) is divided by i.
29
Suppose -n = 2*u - 30, -5*n - 6 + 36 = 2*u. Suppose -7*d + 492 = -1944. Suppose 4*t - 10*t + d = 0. Calculate the remainder when t is divided by u.
13
Suppose 6*o = 3*o - 3*k + 150, -4*o - 5*k + 196 = 0. Suppose -3*c = -4*y - 183, 0*c - y + o = c. What is the remainder when c is divided by 15?
12
Suppose 206*s - 646 = 205*s. What is the remainder when s is divided by 18?
16
Let q(d) = d - 7. Suppose 2*a = 5*i + 6, -5*a - 5*i = 10 - 95. What is the remainder when 22 is divided by q(a)?
4
What is the remainder when 124 is divided by 108/15*45/18?
16
Let v(f) = 121*f - 34. Calculate the remainder when v(3) is divided by 37.
33
Suppose 0 = -5*m + 54*v - 57*v + 70, -5*m - 2*v + 70 = 0. Suppose 668 = 6*z - 2*z. Calculate the remainder when z is divided by m.
13
Suppose -1397 = -3*o + i, 0 = -0*o + 3*o - 5*i - 1417. Suppose 0*t - t + o = 5*s, -2*s + 190 = -4*t. Calculate the remainder when s is divided by (9/6)/(1/16).
21
Let d be 2/10 - 28/(-10). Let t = -50 + 58. Suppose -d*m = -5*u - 76, 48 = t*m - 4*m + 4*u. Calculate the remainder when 50 is divided by m.
16
Let r(g) = g**3 + 13*g**2 + 13*g + 70. Calculate the remainder when r(-12) is divided by 16.
10
Suppose 4*t - 20 = -0*t. Suppose 2*b = t*b - 12. Suppose -58*r = -76*r + 180. Calculate the remainder when r is divided by b.
2
Let g = 22 + -6. Let w = 1 + g. Let b = w + -13. What is the remainder when 11 is divided by b?
3
Suppose -18 = -2*w - 0. Let k(f) = -f**3 + 7*f**2 - 10*f + 26. Calculate the remainder when w is divided by k(6).
1
Suppose -4*v + 3*v = -11. Calculate the remainder when (-3 + 2)/(-7 + (-2133)/(-306)) is divided by v.
1
Suppose 399 = 3*i + 6. Calculate the remainder when i is divided by 28.
19
Suppose -3*d = 3*w - 5*w + 116, 336 = 5*w + 4*d. Calculate the remainder when w is divided by 24.
16
Let n = -80 + 84. Suppose -3*z + 3*h + 12 = -9, 4*h = n. Calculate the remainder when 55 is divided by z.
7
Let t(q) = -q**2 + 20*q + 28. Let h(c) be the third derivative of -13*c**4/12 - c**3/6 - 2*c**2. Calculate the remainder when h(-1) is divided by t(21).
4
Suppose 11*k - 49*k - 56*k = -11938. What is the remainder when k is divided by ((-22)/4)/((-2)/8)?
17
Suppose 0 = 3*z + 2*r - 17, 2*z - 3*z = -r + 1. Let t(b) = 2*b - 1. Let u be t(z). What is the remainder when 4/(-10) + 262/u is divided by 18?
16
Suppose 9*h = 6*h + 5*i + 104, 2*i - 194 = -5*h. What is the remainder when 96 is divided by h?
20
Let z(u) be the first derivative of -37*u**2/2 + u - 1. Suppose -4*l + l = -38 - 22. What is the remainder when z(-1) is divided by l?
18
Let y = -35 + 73. What is the remainder when y is divided by 26?
12
Let c be (-30)/4*8/6. Let p be (-6 - c) + (-2)/(-2). Suppose -p*m + 0*m - 3*b = -300, 4*m - 5*b 